when 65 is divided by n?
5
Let n(t) = 76*t + 461. Calculate the remainder when 14 is divided by n(-6).
4
Let m = -24 - 32. Calculate the remainder when 30 is divided by 12/m*-76 - 2/7.
14
Let x = -77 + 44. Let i = x - -42. Calculate the remainder when 35 is divided by i.
8
What is the remainder when 163 is divided by (-4 + (-186)/(-24))/((-42)/(-1232))?
53
Suppose c - 287 = -2*c + r, -4*c + 2*r = -386. Let q = 114 + -165. Let g = c + q. What is the remainder when g is divided by 23?
20
Let j(b) = b**3 - 5*b**2 + 7*b - 12. Let w = 19 - 14. Calculate the remainder when j(w) is divided by 7.
2
Suppose -t = 2*x - x - 189, -945 = -5*t - 3*x. What is the remainder when t is divided by 76?
37
Let s(n) = -n**3 + 13*n**2 - n - 23. Let q be s(12). Let u = 19 + q. Calculate the remainder when u is divided by 26.
24
Suppose 10*w - 11*w = -50. What is the remainder when 396 is divided by w?
46
Let c(h) = -h**3 + 12*h**2 - 10*h + 1. Suppose -3*f = 2*f + 160. Let s = -21 - f. Calculate the remainder when c(s) is divided by 4.
0
Let f(g) = -g**2 - 8*g + 3. Let v be f(-6). Suppose 0 = -v*d + 16*d. Calculate the remainder when 19 is divided by 6 - 3 - (d + -2).
4
Let l(x) = x + 5. Let q(o) = -4*o - 14. Let p(c) = -8*l(c) - 3*q(c). What is the remainder when 135 is divided by p(8)?
33
Let i(s) = s**3 - 16*s**2 - 58*s + 44. Calculate the remainder when 298 is divided by i(19).
23
Suppose 21 + 46 = 5*q + 3*k, -3*q - k = -37. Let o(v) = v**3 - 11*v**2 - v + 20. Calculate the remainder when 25 is divided by o(q).
7
Let c(i) = i**3 + 7*i**2 - 4. Let s be c(-7). Calculate the remainder when 17 is divided by -3 + 2 - -3 - s.
5
Suppose -5*b = 2*g - 18, 2*g = g + 2*b. Suppose 0*o - 5*o - g*w = -66, -w = 3*o - 34. Calculate the remainder when 36 is divided by o.
6
Let n = -236 + 287. What is the remainder when n is divided by 47?
4
Let i be (-1)/(-1)*53*(30 - 29). Let g = i - -27. Calculate the remainder when g is divided by 23.
11
Suppose -2*b + 0*b = -6. What is the remainder when 6*(-4)/48*-3*2 is divided by b?
0
Suppose 0 = -5*s - 5*m + 240, 5*s + 2*m = 153 + 75. What is the remainder when s is divided by 6?
2
Let d(w) = 32*w**2 - w + 2. Suppose 15*n - 22*n + 1141 = 0. What is the remainder when n is divided by d(1)?
31
Suppose -33*n - 90 = -1641. Calculate the remainder when 94 is divided by n.
0
Let h = -93 + 468. Calculate the remainder when h is divided by 54.
51
Let v be (18/8 - -2)*8. Let j = 37 - v. What is the remainder when 10 is divided by j?
1
Let n(p) = -3*p**3 - 4*p**2 - 3*p - 2. Let q be n(-2). Calculate the remainder when 6 is divided by (-26)/(-6) - (64/q + -5).
2
Suppose 0 + 8 = d. Suppose 11 = m + d. Suppose 5*i = -m*s + 244, -i + 165 = s + s. What is the remainder when s is divided by 21?
20
Suppose -4*u - 792 = -4*d - 9*u, -4*d = 2*u - 792. Calculate the remainder when d is divided by 51.
45
Suppose 0 = -7*m - 7*m + 7364. What is the remainder when m is divided by 17?
16
Let k be (-10*2/(-4))/(3/(-3)). Let v(n) = -3*n**2 - 15*n + 6. Calculate the remainder when v(k) is divided by 6.
0
Let k(p) = 26*p + 340. What is the remainder when k(5) is divided by 59?
57
Let f = -61 - -128. Let i = -62 + f. What is the remainder when i is divided by 2?
1
Let r = 10 - 8. What is the remainder when ((-3)/r + -2)*-2 is divided by (-148)/(-28) - (-2)/(-7)?
2
Suppose -62*x - 546 = -76*x. Calculate the remainder when 74 is divided by x.
35
Let y(g) = -65*g + 2. Let a be y(-1). Let i = a + -27. What is the remainder when i is divided by 21?
19
Let p(t) = 92*t + 32. What is the remainder when p(1) is divided by 6?
4
Let r(w) = w**2 + 1. Let l be r(0). Suppose 0 = -3*y + 4*y - l. Let q(z) = 14*z - 4. Calculate the remainder when 39 is divided by q(y).
9
Suppose -2*g = -6*j + 3*j - 342, 0 = -3*g - j + 502. Calculate the remainder when g is divided by 37.
20
Suppose 0 = 5*w - 340. Let q = -44 + w. What is the remainder when q is divided by 1/(15/26 + 2/(-4))?
11
Suppose -180 - 1008 = -18*t. Calculate the remainder when t is divided by 32.
2
Calculate the remainder when (-11050)/(-104) - (-1)/(-4) is divided by 54.
52
Let u(z) = -z**2 + 7*z + 9. Let b(i) = -i**2 + 8*i + 9. Let n(h) = 4*b(h) - 3*u(h). Calculate the remainder when n(8) is divided by 9.
6
Let x(r) = r**3 - 6*r**2 - 5*r - 4. Suppose 8*p + 180 = -p. Calculate the remainder when (-5)/2*392/p is divided by x(7).
9
Let f(d) = d**3 - 8*d**2 - 4*d + 1. What is the remainder when f(9) is divided by (-4)/10 - 7/(35/(-97))?
8
Let v(w) = w**2 + w - 3. Calculate the remainder when ((1 - 35/28) + (-8)/2)*-4 is divided by v(3).
8
Let u(m) = 17*m**2 + 3*m - 11. Let q(n) = 9*n**2 + n - 5. Let b(w) = 7*q(w) - 3*u(w). What is the remainder when b(-2) is divided by 52/10*((-21)/(-2) + -8)?
11
Suppose -3*y = -a - 35, -4*y = -9*y - 2*a + 62. Calculate the remainder when y is divided by 3.
0
Suppose -2*l = -4*p - 158, -2*l + 4*p = -6*l + 256. What is the remainder when l is divided by 9?
6
Suppose -18 = -h + j, -h - 5*j + 0*j = -30. What is the remainder when 1057 is divided by h?
17
Suppose 0 = -11*v + 6*v + 165. Calculate the remainder when (-634)/(-22) - (-6)/v is divided by 15.
14
Let j(i) = -28*i - 25. Let h be j(-6). Let c = h - 19. What is the remainder when c is divided by 14?
12
Suppose 2*l - 58 = -2*f, -3*f + 121 = 2*f - 3*l. What is the remainder when 233 is divided by f?
25
Suppose -3*f + 2*g - 19 = -86, -g = -5*f + 107. Let s(h) = -h**2 - 26*h - 49. What is the remainder when s(-22) is divided by f?
18
Let r(o) = -o**2 - 7*o + 5. Let z(p) = p**2 + 7*p - 6. Let h(w) = 3*r(w) + 2*z(w). Let i = -7 - -16. What is the remainder when i is divided by h(-7)?
0
Suppose 125 = 4*q + 6*y - 3*y, -y + 119 = 4*q. What is the remainder when 115 is divided by q?
28
Let m = 13 + 6. Calculate the remainder when (-60)/(530/(-60) + 8) is divided by m.
15
Let r(p) = 3*p**3 - 3*p**2 + 2. Let x be r(2). Let g be x*1/(-1 + 3). Calculate the remainder when 3 is divided by (-7)/g + 2/1.
0
Suppose -3*t - 2*a + 1 = 0, 0*t + 5*t - 8 = 3*a. What is the remainder when 12 is divided by (4/(-12)*t)/(1/(-12))?
0
Suppose 262 = 2*x + 2*u, -3*x + x - 3*u = -258. Suppose -25*o - 150 = 1700. Let r = x + o. Calculate the remainder when r is divided by 16.
13
Let t be (-25)/2*(-9)/(90/56). Suppose -b - 3*b = 5*k - 56, 5*b + k - t = 0. What is the remainder when 44 is divided by b?
2
Suppose -f - 4*b - 4 = 3*f, 0 = f + 2*b - 1. What is the remainder when (-17)/f*(-9 + 12) is divided by 2?
1
Let h = -142 - -166. What is the remainder when 54 is divided by h?
6
Let w be (-8)/(-12) + 20/6. Suppose 5*k - 35 = 5*y, w*k + y - 5 = 3. Suppose 0 = 3*x + o - 5, 3*o + 5 = x - 10. Calculate the remainder when k is divided by x.
0
Let m(j) = -13*j - 146. Calculate the remainder when m(-37) is divided by 27.
11
Let o = 283 - 235. Calculate the remainder when o is divided by 10.
8
Suppose -5*z + 66 + 48 = -u, -z + 19 = -4*u. What is the remainder when 111 is divided by z?
19
Let u(w) = -w**3 - 7*w**2 + 11*w + 3. Let b be u(-8). Let j = 11 + b. Let v = 16 + j. Calculate the remainder when 17 is divided by v.
5
Let z(r) = -r**3 + 16*r**2 + 4*r - 34. Calculate the remainder when 318 is divided by z(16).
18
Let f(j) = j**2 - 4. Let l be f(-3). Suppose 0 = c + 4*k - 6*k - 21, -5 = -l*k. Calculate the remainder when 5/5*-3 - (0 + -46) is divided by c.
20
Suppose -19*t - 14 = -17*t. Let k(m) = -m**2 - 5*m + 15. Calculate the remainder when 1 is divided by k(t).
0
Let f(x) = 2*x**2 - 7*x - 6. Let g(q) = q**3 + 16*q**2 + 10*q - 7. Let b be g(-15). Suppose -5*z = -z - b. What is the remainder when f(8) is divided by z?
15
Let w(x) = x + 1. Let l be w(1). What is the remainder when l/((-4)/(-21)) + (-2)/4 is divided by 4?
2
Let u(l) = -2*l - 29. Let q be u(-16). Suppose 6*r = q*r + 153. What is the remainder when r is divided by 18?
15
Suppose -188 = -3*k + 52. Let g = k + -8. Suppose 2*o - g = -22. Calculate the remainder when o is divided by 13.
12
What is the remainder when 106 is divided by -1*2/(-3 + (-335)/(-115))?
14
Let z be (-39)/21 - (-1)/(-7). Let n = z - -9. Calculate the remainder when 20 is divided by n.
6
Suppose 3*b = 2*u + 3, -b - 2 = -7. What is the remainder when 8 is divided by u?
2
Let z(v) = 3*v - 4. Let g be (-2 + 3)/((-3)/60). Let w = g - -49. Calculate th